{"id":101,"date":"2024-01-03T15:18:25","date_gmt":"2024-01-03T14:18:25","guid":{"rendered":"https:\/\/blog.sylvaindebaisieux.com\/?page_id=101"},"modified":"2025-06-26T22:45:57","modified_gmt":"2025-06-26T20:45:57","slug":"accueil","status":"publish","type":"page","link":"https:\/\/blog.sylvaindebaisieux.com\/","title":{"rendered":"Bienvenue !"},"content":{"rendered":"\n<p class=\"has-medium-font-size\">Ceci est un blog d\u00e9di\u00e9 \u00e0 de la r\u00e9flexion, du partage et des discussions autour du m\u00e9tier de musicien\u00b7ne. <br><br>Vous trouverez ici une s\u00e9rie d&rsquo;<a href=\"https:\/\/blog.sylvaindebaisieux.com\/index.php\/interviews\/\"><strong>INTERVIEWS<\/strong><\/a> sur l&rsquo;accueil des musicien\u00b7ne\u00b7s \u00e9tranger\u00b7e\u00b7s en Belgique et leur inclusion sur la sc\u00e8ne musicale belge.<br><br>Et une s\u00e9rie de discussions autour du sens que l&rsquo;on donne \u00e0 nos pratiques artistiques dans un monde en basculement, sous forme de <a href=\"https:\/\/blog.sylvaindebaisieux.com\/index.php\/podcasts\/\"><strong>PODCASTS<\/strong><\/a>.<br><br>Merci pour votre lecture\/\u00e9coute !<br><\/p>\n\n\n\n<p class=\"has-medium-font-size\"><br><\/p>\n","protected":false},"excerpt":{"rendered":"<p>Ceci est un blog d\u00e9di\u00e9 \u00e0 de la r\u00e9flexion, du partage et des discussions autour du m\u00e9tier de musicien\u00b7ne. Vous trouverez ici une s\u00e9rie d&rsquo;INTERVIEWS sur l&rsquo;accueil des musicien\u00b7ne\u00b7s \u00e9tranger\u00b7e\u00b7s en Belgique et leur inclusion sur la sc\u00e8ne musicale belge. Et une s\u00e9rie de discussions autour du sens que l&rsquo;on donne \u00e0 nos pratiques artistiques&#8230; <a class=\"more-link\" href=\"https:\/\/blog.sylvaindebaisieux.com\/\">Continue reading <span class=\"meta-nav\">&#8594;<\/span><\/a><\/p>\n","protected":false},"author":1,"featured_media":0,"parent":0,"menu_order":0,"comment_status":"closed","ping_status":"closed","template":"","meta":{"footnotes":""},"class_list":["post-101","page","type-page","status-publish","hentry"],"_links":{"self":[{"href":"https:\/\/blog.sylvaindebaisieux.com\/index.php\/wp-json\/wp\/v2\/pages\/101","targetHints":{"allow":["GET"]}}],"collection":[{"href":"https:\/\/blog.sylvaindebaisieux.com\/index.php\/wp-json\/wp\/v2\/pages"}],"about":[{"href":"https:\/\/blog.sylvaindebaisieux.com\/index.php\/wp-json\/wp\/v2\/types\/page"}],"author":[{"embeddable":true,"href":"https:\/\/blog.sylvaindebaisieux.com\/index.php\/wp-json\/wp\/v2\/users\/1"}],"replies":[{"embeddable":true,"href":"https:\/\/blog.sylvaindebaisieux.com\/index.php\/wp-json\/wp\/v2\/comments?post=101"}],"version-history":[{"count":19,"href":"https:\/\/blog.sylvaindebaisieux.com\/index.php\/wp-json\/wp\/v2\/pages\/101\/revisions"}],"predecessor-version":[{"id":891,"href":"https:\/\/blog.sylvaindebaisieux.com\/index.php\/wp-json\/wp\/v2\/pages\/101\/revisions\/891"}],"wp:attachment":[{"href":"https:\/\/blog.sylvaindebaisieux.com\/index.php\/wp-json\/wp\/v2\/media?parent=101"}],"curies":[{"name":"wp","href":"https:\/\/api.w.org\/{rel}","templated":true}]}}