{"id":478,"date":"2024-01-15T22:56:47","date_gmt":"2024-01-15T21:56:47","guid":{"rendered":"https:\/\/blog.sylvaindebaisieux.com\/?page_id=478"},"modified":"2024-01-15T22:59:22","modified_gmt":"2024-01-15T21:59:22","slug":"anecdotes","status":"publish","type":"page","link":"https:\/\/blog.sylvaindebaisieux.com\/index.php\/anecdotes\/","title":{"rendered":"Anecdotes"},"content":{"rendered":"\n<p class=\"has-medium-font-size\">Un soir, je suis dans ma voiture et j&rsquo;allume la radio sur la cha\u00eene Klara. J&rsquo;entends un concert live et je suis certain qu&rsquo;il s&rsquo;agit du Brussels Jazz Festival en direct de Flagey, puisque j&rsquo;avais entendu un autre concert retransmis en direct quelques jours auparavant. J&rsquo;entends un solo de basse, \u00e7a ne me parle pas trop&#8230; puis il y a un solo de batterie. Ca me semble durer une \u00e9ternit\u00e9. Je trouve que c&rsquo;est nul. J&rsquo;h\u00e9site presque \u00e0 couper mais la curiosit\u00e9 l&#8217;emporte et j&rsquo;\u00e9coute le solo jusqu&rsquo;au bout. Le public applaudit et le morceau se termine, puis la belle voix de la pr\u00e9sentatrice annonce : c&rsquo;\u00e9tait le groupe de Max Roach, enregistr\u00e9 en live au palais des beaux-arts de Bruxelles en janvier 1964 pour la sortie de Freedom Now Suite, avec Abbey Lincoln. J&rsquo;ai \u00e9cout\u00e9 cet album des dizaines de fois&#8230; Alors, sentiment double : la honte de ne pas avoir reconnu Max Roach, l&rsquo;incompr\u00e9hension d&rsquo;avoir trouv\u00e9 \u00e7a nul, et en m\u00eame temps, la certitude que si j&rsquo;avais su avant que c&rsquo;\u00e9tait Max Roach, je l&rsquo;aurais \u00e9cout\u00e9 diff\u00e9remment, j&rsquo;y aurais trouv\u00e9 de l&rsquo;int\u00e9r\u00eat et peut-\u00eatre m\u00eame que j&rsquo;aurais ador\u00e9&#8230; <\/p>\n\n\n\n<hr class=\"wp-block-separator has-alpha-channel-opacity\"\/>\n","protected":false},"excerpt":{"rendered":"<p>Un soir, je suis dans ma voiture et j&rsquo;allume la radio sur la cha\u00eene Klara. J&rsquo;entends un concert live et je suis certain qu&rsquo;il s&rsquo;agit du Brussels Jazz Festival en direct de Flagey, puisque j&rsquo;avais entendu un autre concert retransmis en direct quelques jours auparavant. J&rsquo;entends un solo de basse, \u00e7a ne me parle pas&#8230; <a class=\"more-link\" href=\"https:\/\/blog.sylvaindebaisieux.com\/index.php\/anecdotes\/\">Continue reading <span class=\"meta-nav\">&#8594;<\/span><\/a><\/p>\n","protected":false},"author":1,"featured_media":0,"parent":0,"menu_order":0,"comment_status":"closed","ping_status":"closed","template":"","meta":{"footnotes":""},"class_list":["post-478","page","type-page","status-publish","hentry"],"_links":{"self":[{"href":"https:\/\/blog.sylvaindebaisieux.com\/index.php\/wp-json\/wp\/v2\/pages\/478","targetHints":{"allow":["GET"]}}],"collection":[{"href":"https:\/\/blog.sylvaindebaisieux.com\/index.php\/wp-json\/wp\/v2\/pages"}],"about":[{"href":"https:\/\/blog.sylvaindebaisieux.com\/index.php\/wp-json\/wp\/v2\/types\/page"}],"author":[{"embeddable":true,"href":"https:\/\/blog.sylvaindebaisieux.com\/index.php\/wp-json\/wp\/v2\/users\/1"}],"replies":[{"embeddable":true,"href":"https:\/\/blog.sylvaindebaisieux.com\/index.php\/wp-json\/wp\/v2\/comments?post=478"}],"version-history":[{"count":5,"href":"https:\/\/blog.sylvaindebaisieux.com\/index.php\/wp-json\/wp\/v2\/pages\/478\/revisions"}],"predecessor-version":[{"id":483,"href":"https:\/\/blog.sylvaindebaisieux.com\/index.php\/wp-json\/wp\/v2\/pages\/478\/revisions\/483"}],"wp:attachment":[{"href":"https:\/\/blog.sylvaindebaisieux.com\/index.php\/wp-json\/wp\/v2\/media?parent=478"}],"curies":[{"name":"wp","href":"https:\/\/api.w.org\/{rel}","templated":true}]}}